n factor of 8 and x?
8
Let r(n) = 2*n - 2*n - 2*n**2. Let h be r(-2). Let s(i) = -i**3 - 7*i**2 + 6*i + 5. Let w be s(h). What is the highest common divisor of 7 and w?
7
Let u = -5 - -12. Let c(h) = h - 3. Let d be c(u). Let v be (2 + (-28)/6)*-12. What is the highest common divisor of d and v?
4
Let s = 45 + -20. What is the highest common factor of s and 10?
5
Let g = -37 - -65. Let o = 15 - 11. Calculate the highest common divisor of g and o.
4
Suppose -418 = 3*m - 5*m. Let v = 56 - 37. Calculate the greatest common factor of m and v.
19
Let s be (-4 + 3)*(0 + -15). What is the greatest common factor of s and 195?
15
Let v(c) = 4*c - 5. Let m be v(4). Suppose m*n - 25 = 6*n. Suppose 0 = -n*f - 42 + 122. What is the greatest common divisor of 16 and f?
16
Let b be (16/12)/((-2)/(-21)). Let k = b + -7. What is the highest common factor of 14 and k?
7
Suppose -64 - 118 = -14*s. Calculate the highest common factor of 104 and s.
13
Let m = 40 - 33. Calculate the highest common factor of m and 7.
7
Suppose 5*m - 6*q + 6 = -4*q, m + 3*q - 9 = 0. Let y be 18/(m + -3)*-6. Let g(p) = p**2 - 7. Let b be g(-5). What is the greatest common factor of b and y?
18
Let a(r) be the first derivative of 23*r**2/2 + 5*r - 4. Let m be a(5). Let p be 1/3 - (-88)/6. Calculate the greatest common factor of m and p.
15
Let o(c) be the third derivative of -1/6*c**3 + 0 + 1/60*c**5 + c**2 + 1/6*c**4 + 0*c. Let t be o(3). Calculate the greatest common divisor of 100 and t.
20
Let m = -111 - -207. Let v = 34 + -61. Let x = v + 39. What is the greatest common factor of x and m?
12
Let n(l) be the first derivative of l**3/3 - l**2/2 + l - 1. Let p be n(-4). What is the highest common divisor of 63 and p?
21
Let s = -51 - -74. Suppose -4*r = i - 161, 5*r + 393 - 71 = 2*i. What is the highest common divisor of s and i?
23
Let n be -1*45/(-12)*4. What is the highest common divisor of 6 and n?
3
Let k be 20/6 + 2/(-6). Let u = 4 - 9. Let w(a) = a**3 + 7*a**2 + 7*a + 6. Let m be w(u). Calculate the highest common factor of k and m.
3
Let w = 21 + 9. Let v be 8/4 - 3/(-3)*1. Calculate the highest common factor of w and v.
3
Let t be 3 + (-2 - -2) - -3. Suppose -t = 2*z, -2*k - 4*z = -9*z - 393. Calculate the greatest common factor of 27 and k.
27
Suppose -6*d - 18 = n - d, 0 = n + 3*d + 10. Let w(f) = 2*f + 5. Let a be w(5). Let y be (-6 - 0)/(a/(-40)). What is the greatest common factor of n and y?
2
Let i(r) = r**3 - 6*r**2 + 7*r - 5. Let q be i(5). Suppose 0 = -q*m + 2*m + 6. What is the greatest common factor of m and 18?
2
Let v(l) be the second derivative of -l**3/3 - 15*l**2/2 - 6*l. Let n be v(-9). Calculate the highest common factor of 3 and n.
3
Let q(z) = z**2 - 5*z + 5. Let b be q(5). What is the highest common divisor of 1 and b?
1
Suppose 0*s - 45 = -5*k - 4*s, 2*k = 3*s + 41. Calculate the highest common factor of 299 and k.
13
Let q = 75 - 38. Let b = q - 21. What is the highest common divisor of b and 64?
16
Let a be -2 + 2 + (26 - -3). Let l = -12 + a. What is the highest common divisor of l and 187?
17
Let r = -55 + 70. What is the highest common divisor of 135 and r?
15
Suppose 0 = -0*r + 3*r - 54. Calculate the greatest common divisor of r and 18.
18
Let r = -30 + 36. What is the highest common factor of r and 3?
3
Suppose 6 = 5*y - 19. Let f be (1 + 0 - 1)/2. Let k = f + y. What is the greatest common divisor of 25 and k?
5
Suppose 684 = 2*u - 4*a + a, 3*u + 2*a = 1052. Let j = -152 + u. Calculate the greatest common factor of 28 and j.
28
Let n be (0 - (-4)/(-6))/((-16)/264). What is the highest common divisor of 1 and n?
1
Suppose 0 = 4*j + 4*f - 36, 0 = -5*f + 16 - 1. Calculate the highest common divisor of j and 66.
6
Let s be (7/(-3) - -3)*27. Suppose 5*y + 20 = 2*j, -3*y + s = 2*j - 7*y. Calculate the highest common divisor of 45 and j.
5
Let q be -7*(-13)/(91/240). Calculate the greatest common divisor of q and 48.
48
Suppose -1 + 5 = 2*x. Suppose -x*o - 2 = -4*o. Let q be 6/(-4)*2/(-1). What is the highest common divisor of q and o?
1
Suppose -h - 3*h = -160. Let m = 28 - h. Let l = 24 + m. What is the highest common divisor of l and 12?
12
Let b = 30 - 5. Let n = b - -40. What is the highest common divisor of 26 and n?
13
Suppose 0 = -10*m + 5*m. Suppose 2*b - 7*b + 120 = m. What is the highest common divisor of 12 and b?
12
Let c be 114/27 - (-2)/(-9). Suppose -3*u + 3 = 2*h - 4, -c = 4*u - 4*h. Let f be (2 - u)/(2/34). Calculate the greatest common factor of 153 and f.
17
Let b(n) = -11*n**3 - n**2. Let j be b(-1). What is the highest common divisor of j and 10?
10
Let l(g) = -g**2 - 7*g. Let n be l(-7). Suppose -d + 20 + 115 = n. Suppose -2*t + 26 = f, 5*t + 0*f + 2*f = 67. Calculate the highest common factor of t and d.
15
Suppose -68 = -7*c + 9. Calculate the greatest common divisor of 11 and c.
11
Suppose -t + 7 = 3*g - 12, -2*g = 3*t - 1. Let b = 17 - g. Suppose o - 5*o - 21 = -v, 0 = 4*v - 2*o - 42. What is the highest common factor of v and b?
9
Let q = -130 + 190. Suppose 5*a = 47 + 73. What is the greatest common factor of a and q?
12
Suppose -175 = -4*b - b. Let f be (0/2 + -3)*-1. Suppose 4*m + 5*s = 25, -5*m + 5*s = f - 23. What is the highest common factor of m and b?
5
Suppose 14 = -2*g + r, -2*r + 12 = 4. Let u(a) = -a**3 - 6*a**2 - 6*a + 1. Let s be u(g). Calculate the highest common divisor of s and 12.
6
Suppose g = -3*f - f + 700, 4*f - 2*g - 712 = 0. What is the greatest common factor of 22 and f?
22
Let j be (3 + -2)/(1/(-23)). Let s be 408/(-10) - (-6)/(-30). Let z = j - s. What is the highest common divisor of z and 6?
6
Let g = -4 + 6. Let o be (1 - 25)/((-2)/g). Suppose -4*j = -8*j + 64. What is the greatest common factor of o and j?
8
Suppose 8*s + 1870 = 13*s. What is the highest common factor of 22 and s?
22
Suppose 0 = s - 6 + 1. Suppose 2*j - 1 = -3*z, -3*z + 3 = -3*j + 6*j. Let a be 2*z*3/(-6). Calculate the highest common factor of s and a.
1
Suppose m - 42 = 3*m. Let k be ((-6)/(-3))/((-3)/m). Calculate the greatest common factor of 14 and k.
14
Suppose 0 = 2*a - 26. Let t(n) = n**2 - 4*n - 3. Let l be t(5). Suppose -l*f + 78 = f. Calculate the highest common divisor of a and f.
13
Suppose 3*w + 84 = c, c - 4*c + 5*w + 248 = 0. Let i = 17 + -8. What is the highest common divisor of c and i?
9
Let j be 38 - 4*3/4. What is the greatest common factor of 210 and j?
35
Suppose l - 4 = 4. Let c = 6 + -9. Let o = -2 - c. What is the highest common factor of l and o?
1
Let j be (-6)/(-21) - 6747/21. Let m = 456 + j. Suppose -4*i - 5 = -o - 1, 3*i - m = -5*o. What is the greatest common factor of o and 16?
8
Let m(c) = -c**2 + 6*c + 2. Let n(w) = -2*w - 2. Let v be n(-5). Let o(a) = a - 3. Let u be o(v). Let s be m(u). What is the highest common factor of s and 49?
7
Let b(p) = 4*p**2 + 3*p + 3. Let n be b(-2). Let s = 2 + -5. Let u(v) = -17*v + 1. Let h be u(s). Calculate the greatest common divisor of n and h.
13
Let o(h) = h**2 + 5*h - 2. Let k be o(-5). Let y be (-4 - -42)*(0 - k). Let z = y - 42. What is the greatest common factor of z and 85?
17
Let f(d) = -5*d - 31. Let m be f(-9). Suppose 156 = 5*g + 4*j, -3*g + j = -93 + 13. What is the highest common factor of m and g?
14
Suppose 5*m + 2*h - 37 = 0, -2*h = -3*m - h + 20. Let f(l) = l**2 - 2*l - 3. Let u be f(6). What is the greatest common divisor of u and m?
7
Let c(z) = 15*z. Let a be c(9). Let u = 191 - a. Calculate the greatest common divisor of u and 14.
14
Let p be 212 - -1 - (6 - (2 - -1)). Calculate the greatest common divisor of 30 and p.
30
Let n = -2 - -8. Let a = n + 54. Calculate the greatest common factor of 24 and a.
12
Let a = -12 - -20. Suppose 0 = 3*z + 12, 4*l - 164 + 0 = z. Calculate the highest common divisor of a and l.
8
Suppose b = 11 - 1. Calculate the highest common divisor of b and 15.
5
Suppose -858 = -2*m - m. Let o(h) = -h**2 + 15*h - 10. Let z be o(12). Calculate the highest common factor of m and z.
26
Let o be (-31)/(-6) + (-1 - 10/(-12)). What is the greatest common factor of o and 20?
5
Let r(i) = -i**3 + i**2 + 4*i - 8. Let a be r(-6). Let q = -20 - -40. Calculate the highest common divisor of a and q.
20
Let n(g) = g - 4. Let k be n(9). Suppose 10*q - 5*l = k*q + 25, 0 = 2*l - 2. What is the highest common factor of 2 a